{"id":45,"date":"2012-10-20T15:29:10","date_gmt":"2012-10-20T13:29:10","guid":{"rendered":"http:\/\/chajpa.pl\/krewaktywni\/?page_id=45"},"modified":"2013-12-01T17:11:59","modified_gmt":"2013-12-01T16:11:59","slug":"czlonkowstwo","status":"publish","type":"page","link":"https:\/\/krewaktywni.org\/index.php\/strefa-krewaktywna\/czlonkowstwo\/","title":{"rendered":"Cz\u0142onkowie"},"content":{"rendered":"<p style=\"text-align: center;\"><strong>DO\u0141\u0104CZ DO NAS \ud83d\ude42<\/strong><\/p>\n<p style=\"text-align: center;\"><strong><br \/>\n<\/strong><\/p>\n<p style=\"text-align: left;\"><strong> <\/strong><strong>CZ\u0141ONEK ZWYCZAJNY:<\/strong><\/p>\n<p><strong><a href=\"https:\/\/krewaktywni.org\/wp-content\/uploads\/2012\/10\/KA_deklaracja-zwyczajny.pdf\">Deklaracja cz\u0142onkowska \u00a0&#8211; cz\u0142onek zwyczajny<\/a><\/strong><\/p>\n<p><a href=\"https:\/\/krewaktywni.org\/wp-content\/uploads\/2012\/10\/KA_ankieta.pdf\"><strong>Ankieta dla cz\u0142onka stowarzyszenia (wype\u0142nienie ankiety jest dobrowolne)<\/strong><\/a><\/p>\n","protected":false},"excerpt":{"rendered":"<p>DO\u0141\u0104CZ DO NAS \ud83d\ude42 CZ\u0141ONEK ZWYCZAJNY: Deklaracja cz\u0142onkowska \u00a0&#8211; cz\u0142onek zwyczajny Ankieta dla cz\u0142onka stowarzyszenia (wype\u0142nienie ankiety jest dobrowolne)<\/p>\n","protected":false},"author":1,"featured_media":0,"parent":43,"menu_order":0,"comment_status":"open","ping_status":"open","template":"","meta":[],"_links":{"self":[{"href":"https:\/\/krewaktywni.org\/index.php\/wp-json\/wp\/v2\/pages\/45"}],"collection":[{"href":"https:\/\/krewaktywni.org\/index.php\/wp-json\/wp\/v2\/pages"}],"about":[{"href":"https:\/\/krewaktywni.org\/index.php\/wp-json\/wp\/v2\/types\/page"}],"author":[{"embeddable":true,"href":"https:\/\/krewaktywni.org\/index.php\/wp-json\/wp\/v2\/users\/1"}],"replies":[{"embeddable":true,"href":"https:\/\/krewaktywni.org\/index.php\/wp-json\/wp\/v2\/comments?post=45"}],"version-history":[{"count":8,"href":"https:\/\/krewaktywni.org\/index.php\/wp-json\/wp\/v2\/pages\/45\/revisions"}],"predecessor-version":[{"id":92,"href":"https:\/\/krewaktywni.org\/index.php\/wp-json\/wp\/v2\/pages\/45\/revisions\/92"}],"up":[{"embeddable":true,"href":"https:\/\/krewaktywni.org\/index.php\/wp-json\/wp\/v2\/pages\/43"}],"wp:attachment":[{"href":"https:\/\/krewaktywni.org\/index.php\/wp-json\/wp\/v2\/media?parent=45"}],"curies":[{"name":"wp","href":"https:\/\/api.w.org\/{rel}","templated":true}]}}